74?
2, 6037
List the prime factors of 683.
683
What are the prime factors of 3459?
3, 1153
What are the prime factors of 2094?
2, 3, 349
List the prime factors of 105.
3, 5, 7
What are the prime factors of 69338?
2, 37, 937
List the prime factors of 3168.
2, 3, 11
List the prime factors of 31509.
3, 389
What are the prime factors of 89362?
2, 7, 13, 491
List the prime factors of 1716.
2, 3, 11, 13
List the prime factors of 8964.
2, 3, 83
List the prime factors of 20674.
2, 10337
List the prime factors of 6797.
7, 971
List the prime factors of 13305.
3, 5, 887
What are the prime factors of 381?
3, 127
List the prime factors of 3092.
2, 773
List the prime factors of 96665.
5, 19333
What are the prime factors of 58238?
2, 37, 787
What are the prime factors of 7873?
7873
List the prime factors of 37235.
5, 11, 677
List the prime factors of 1712.
2, 107
List the prime factors of 7128.
2, 3, 11
What are the prime factors of 49040?
2, 5, 613
What are the prime factors of 203?
7, 29
What are the prime factors of 30885?
3, 5, 29, 71
List the prime factors of 632.
2, 79
What are the prime factors of 45266?
2, 13, 1741
List the prime factors of 59693.
59693
List the prime factors of 14.
2, 7
List the prime factors of 69448.
2, 8681
What are the prime factors of 7541?
7541
List the prime factors of 15098.
2, 7549
What are the prime factors of 12906?
2, 3, 239
What are the prime factors of 49249?
17, 2897
List the prime factors of 640.
2, 5
What are the prime factors of 1175?
5, 47
List the prime factors of 14999.
53, 283
List the prime factors of 27502.
2, 13751
What are the prime factors of 2926?
2, 7, 11, 19
List the prime factors of 3595.
5, 719
What are the prime factors of 64980?
2, 3, 5, 19
What are the prime factors of 1021?
1021
What are the prime factors of 16785?
3, 5, 373
List the prime factors of 1359.
3, 151
What are the prime factors of 1419?
3, 11, 43
List the prime factors of 8339.
31, 269
What are the prime factors of 33207?
3, 11069
List the prime factors of 7557.
3, 11, 229
List the prime factors of 13425.
3, 5, 179
What are the prime factors of 40550?
2, 5, 811
List the prime factors of 8492.
2, 11, 193
What are the prime factors of 2305?
5, 461
List the prime factors of 23405.
5, 31, 151
List the prime factors of 7622.
2, 37, 103
List the prime factors of 2360.
2, 5, 59
List the prime factors of 39826.
2, 19913
What are the prime factors of 11617?
11617
List the prime factors of 19904.
2, 311
What are the prime factors of 143230?
2, 5, 14323
What are the prime factors of 3973?
29, 137
List the prime factors of 760.
2, 5, 19
List the prime factors of 3116.
2, 19, 41
What are the prime factors of 2435?
5, 487
List the prime factors of 9145.
5, 31, 59
List the prime factors of 865.
5, 173
What are the prime factors of 3635?
5, 727
What are the prime factors of 22767?
3, 7589
List the prime factors of 7639.
7639
List the prime factors of 15392.
2, 13, 37
List the prime factors of 40985.
5, 7, 1171
What are the prime factors of 104815?
5, 20963
List the prime factors of 115483.
23, 5021
What are the prime factors of 6729?
3, 2243
List the prime factors of 14076.
2, 3, 17, 23
What are the prime factors of 17666?
2, 11, 73
List the prime factors of 13723.
13723
What are the prime factors of 4365?
3, 5, 97
What are the prime factors of 46403?
7, 947
List the prime factors of 70161.
3, 7, 13, 257
List the prime factors of 1703.
13, 131
List the prime factors of 29580.
2, 3, 5, 17, 29
What are the prime factors of 9599?
29, 331
List the prime factors of 2283.
3, 761
List the prime factors of 786.
2, 3, 131
What are the prime factors of 12783?
3, 4261
What are the prime factors of 5354?
2, 2677
List the prime factors of 89.
89
List the prime factors of 813.
3, 271
What are the prime factors of 21046?
2, 17, 619
What are the prime factors of 1091?
1091
What are the prime factors of 18691?
18691
List the prime factors of 102.
2, 3, 17
List the prime factors of 920.
2, 5, 23
List the prime factors of 1515.
3, 5, 101
What are the prime factors of 30653?
7, 29, 151
List the prime factors of 6156.
2, 3, 19
List the prime factors of 145705.
5, 7, 23, 181
List the prime factors of 418.
2, 11, 19
What are the prime factors of 792?
2, 3, 11
What are the prime factors of 948?
2, 3, 79
What are the prime factors of 32?
2
What are the prime factors of 2321?
11, 211
What are the prime factors of 847?
7, 11
What are the prime factors of 90305?
5, 18061
What are the prime factors of 24?
2, 3
List the prime factors of 2556.
2, 3, 71
List the prime factors of 11082.
2, 3, 1847
What are the prime factors of 57912?
2, 3, 19, 127
List the prime factors of 6145.
5, 1229
List the prime factors of 3602.
2, 1801
What are the prime factors of 1529?
11, 139
What are the prime factors of 31007?
101, 307
What are the prime factors of 23856?
2, 3, 7, 71
What are the prime factors of 418?
2, 11, 19
What are the prime factors of 236?
2, 59
List the prime factors of 9228.
2, 3, 769
What are the prime factors of 18379?
18379
List the prime factors of 2699.
2699
What are the prime factors of 2270?
2, 5, 227
What are the prime factors of 6738?
2, 3, 1123
What are the prime factors of 83?
83
What are the prime factors of 14712?
2, 3, 613
What are the prime factors of 1640?
2, 5, 41
What are the prime factors of 348?
2, 3, 29
List the prime factors of 2482.
2, 17, 73
List the prime factors of 124.
2, 31
List the prime factors of 2411.
2411
List the prime factors of 5391.
3, 599
List the prime factors of 414.
2, 3, 23
List the prime factors of 917.
7, 131
List the prime factors of 13857.
3, 31, 149
What are the prime factors of 3950?
2, 5, 79
What are the prime factors of 3461?
3461
What are the prime factors of 2324?
2, 7, 83
List the prime factors of 56476.
2, 7, 2017
What are the prime factors of 600?
2, 3, 5
List the prime factors of 58532.
2, 14633
List the prime factors of 4789.
4789
What are the prime factors of 3328?
2, 13
List the prime factors of 41731.
29, 1439
List the prime factors of 4880.
2, 5, 61
What are the prime factors of 9236?
2, 2309
List the prime factors of 1656.
2, 3, 23
List the prime factors of 27027.
3, 7, 11, 13
What are the prime factors of 88548?
2, 3, 47, 157
List the prime factors of 41832.
2, 3, 7, 83
What are the prime factors of 4559?
47, 97
What are the prime factors of 24369?
3, 8123
What are the prime factors of 45900?
2, 3, 5, 17
List the prime factors of 21263.
11, 1933
What are the prime factors of 1981?
7, 283
What are the prime factors of 4822?
2, 2411
What are the prime factors of 40643?
97, 419
What are the prime factors of 1427?
1427
What are the prime factors of 171331?
73, 2347
What are the prime factors of 924?
2, 3, 7, 11
List the prime factors of 246.
2, 3, 41
List the prime factors of 48839.
7, 6977
What are the prime factors of 55586?
2, 27793
What are the prime factors of 946?
2, 11, 43
What are the prime factors of 1117?
1117
List the prime factors of 25851.
3, 7, 1231
What are the prime factors of 3883?
11, 353
List the prime factors of 3569.
43, 83
List the prime factors of 29971.
17, 41, 43
What are the prime factors of 6222?
2, 3, 17, 61
List the prime factors of 5821.
5821
List the prime factors of 20374.
2, 61, 167
List the prime factors of 34644.
2, 3, 2887
List the prime factors of 7023.
3, 2341
What are the prime factors of 107522?
2, 37, 1453
List the prime factors of 449.
449
What are the prime factors of 846?
2, 3, 47
What are the prime factors of 1260?
2, 3, 5, 7
What are the prime factors of 15113?
7, 17, 127
List the prime factors of 4015.
5, 11, 73
List the prime factors of 1266.
2, 3, 211
What are the prime factors of 49444?
2, 47, 263
What are the prime factors of 1066?
2, 13, 41
List the prime factors of 83396.
2, 20849
What are the prime factors of 10028?
2, 23, 109
What are the prime factors of 923?
13, 71
List the prime factors of 14227.
41, 347
List the prime factors of 22561.
7, 11, 293
List the prime factors of 215.
5, 43
What are the prime factors of 14451?
3, 4817
What are the prime factors of 5190?
2, 3, 5, 173
List the prime factors of 4358.
2, 2179
What are the prime factors of 4830?
2, 3, 5, 7, 23
What are the prime factors of 11248?
2, 19, 37
What are the prime factors of 1945?
5, 389
What ar